{"id":2,"date":"2019-07-26T14:09:03","date_gmt":"2019-07-26T14:09:03","guid":{"rendered":"http:\/\/www4.ict.ufvjm.edu.br\/wordpress\/?page_id=2"},"modified":"2024-04-10T17:41:20","modified_gmt":"2024-04-10T20:41:20","slug":"sample-page","status":"publish","type":"page","link":"https:\/\/ppged.ufvjm.edu.br\/?page_id=2","title":{"rendered":"Docentes do PPGEd"},"content":{"rendered":"\n<h2 class=\"wp-block-heading\">Linha 1<\/h2>\n\n\n\n<figure class=\"wp-block-table is-style-stripes\"><table><tbody><tr><td>\tAltamir Fernandes de Oliveira\t<\/td><td><a href=\"http:\/\/lattes.cnpq.br\/2974319270935111\" target=\"_blank\" rel=\"noopener\"><i class=\"fas fa-graduation-cap\"><\/i><\/a><\/td><td><center><a href=\"mailto:altamir.fernandes@ufvjm.edu.br\" target=\"_blank\" rel=\"noopener\"><i class=\"fas fa-envelope\"><\/i><\/a><\/center><\/td><\/tr><tr><td>\tAnt\u00f4nio Genilton Sant\u2019Anna\t<\/td><td><a href=\"http:\/\/lattes.cnpq.br\/9598443005385506\" target=\"_blank\" rel=\"noopener\"><i class=\"fas fa-graduation-cap\"><\/i><\/a><\/td><td><center><a href=\"mailto:agsantanna@ict.ufvjm.edu.br\" target=\"_blank\" rel=\"noopener\"><i class=\"fas fa-envelope\"><\/i><\/a><\/center><\/td><\/tr><tr><td>\tCinthya Rocha Tameir\u00e3o\t<\/td><td><a href=\"http:\/\/lattes.cnpq.br\/1803639070330678\" target=\"_blank\" rel=\"noopener\"><i class=\"fas fa-graduation-cap\"><\/i><\/a><\/td><td><center><a href=\"mailto:cinthya.tameirao@ufvjm.edu.br\" target=\"_blank\" rel=\"noopener\"><i class=\"fas fa-envelope\"><\/i><\/a><\/center><\/td><\/tr><tr><td>\tDaniel Calbino Pinheiro\t<\/td><td><a href=\"http:\/\/lattes.cnpq.br\/4784709340714266\" target=\"_blank\" rel=\"noopener\"><i class=\"fas fa-graduation-cap\"><\/i><\/a><\/td><td><center><a href=\"mailto:dcalbino@ufsj.edu.br\" target=\"_blank\" rel=\"noopener\"><i class=\"fas fa-envelope\"><\/i><\/a><\/center><\/td><\/tr><tr><td>\tGeruza de F\u00e1tima Tom\u00e9 Sabino\t<\/td><td><a href=\"http:\/\/lattes.cnpq.br\/9325991551225198\" target=\"_blank\" rel=\"noopener\"><i class=\"fas fa-graduation-cap\"><\/i><\/a><\/td><td><center><a href=\"mailto:geruza.sabino@ufvjm.edu.br\" target=\"_blank\" rel=\"noopener\"><i class=\"fas fa-envelope\"><\/i><\/a><\/center><\/td><\/tr><tr><td>\tJo\u00e3o Ant\u00f4nio Gomes Pereira\t<\/td><td><a href=\"http:\/\/lattes.cnpq.br\/6988575983301662\" target=\"_blank\" rel=\"noopener\"><i class=\"fas fa-graduation-cap\"><\/i><\/a><\/td><td><center><a href=\"mailto:joaopereira@unipampa.edu.br\" target=\"_blank\" rel=\"noopener\"><i class=\"fas fa-envelope\"><\/i><\/a><\/center><\/td><\/tr><tr><td> Marcelino Serretti Leonel <\/td><td><a href=\"http:\/\/lattes.cnpq.br\/1543099536687790\" target=\"_blank\" rel=\"noopener\"><i class=\"fas fa-graduation-cap\"><\/i><\/a><\/td><td><center><a href=\"mailto:mserretti@ict.ufvjm.edu.br\" target=\"_blank\" rel=\"noopener\"><i class=\"fas fa-envelope\"><\/i><\/a><\/center><\/td><\/tr><\/tbody><\/table><\/figure>\n\n\n\n<h2 class=\"wp-block-heading\">Linha 2<\/h2>\n\n\n\n<figure class=\"wp-block-table is-style-stripes\"><table><tbody><tr><td>Carla da Concei\u00e7\u00e3o de Lima<\/td><td><\/td><td><\/td><\/tr><tr><td>\tHelder de Moraes Pinto\t<\/td><td><a href=\"http:\/\/lattes.cnpq.br\/8413623713488550\" target=\"_blank\" rel=\"noopener\"><i class=\"fas fa-graduation-cap\"><\/i><\/a><\/td><td><center><a href=\"mailto:helder.pinto@ufvjm.edu.br\" target=\"_blank\" rel=\"noopener\"><i class=\"fas fa-envelope\"><\/i><\/a><\/center><\/td><\/tr><tr><td>\tLara Carlette Thiengo\t<\/td><td><a href=\"http:\/\/lattes.cnpq.br\/5433951320772360\" target=\"_blank\" rel=\"noopener\"><i class=\"fas fa-graduation-cap\"><\/i><\/a><\/td><td><center><a href=\"mailto:lara.carlette@ufvjm.edu.br\" target=\"_blank\" rel=\"noopener\"><i class=\"fas fa-envelope\"><\/i><\/a><\/center><\/td><\/tr><tr><td>\tLeonardo Santos Neves\t<\/td><td><a href=\"http:\/\/lattes.cnpq.br\/1095285663231021\" target=\"_blank\" rel=\"noopener\"><i class=\"fas fa-graduation-cap\"><\/i><\/a><\/td><td><center><a href=\"mailto:leonardo.neves@ufvjm.edu.br\" target=\"_blank\" rel=\"noopener\"><i class=\"fas fa-envelope\"><\/i><\/a><\/center><\/td><\/tr><tr><td>\tMara L\u00facia Ramalho\t<\/td><td><a href=\"http:\/\/lattes.cnpq.br\/6546075106491747\" target=\"_blank\" rel=\"noopener\"><i class=\"fas fa-graduation-cap\"><\/i><\/a><\/td><td><center><a href=\"mailto:mara.ramalho@ufvjm.edu.br\" target=\"_blank\" rel=\"noopener\"><i class=\"fas fa-envelope\"><\/i><\/a><\/center><\/td><\/tr><tr><td>\tMaria do Perp\u00e9tuo Socorro de Lima Costa\t<\/td><td><a href=\"http:\/\/lattes.cnpq.br\/8185361205716322\" target=\"_blank\" rel=\"noopener\"><i class=\"fas fa-graduation-cap\"><\/i><\/a><\/td><td><center><a href=\"mailto:socorrolima.costa@ufvjm.edu.br\" target=\"_blank\" rel=\"noopener\"><i class=\"fas fa-envelope\"><\/i><\/a><\/center><\/td><\/tr><\/tbody><\/table><\/figure>\n\n\n\n<h2 class=\"wp-block-heading\">Linha 3<\/h2>\n\n\n\n<figure class=\"wp-block-table is-style-stripes\"><table><tbody><tr><td>Caroline Queiroz Santos<\/td><td><a href=\"http:\/\/lattes.cnpq.br\/1055329189606238\" target=\"_blank\" rel=\"noopener\"><i class=\"fas fa-graduation-cap\"><\/i><\/a><\/td><td><center><a href=\"mailto:caroline.queiroz@ufvjm.edu.br\" target=\"_blank\" rel=\"noopener\"><i class=\"fas fa-envelope\"><\/i><\/a><\/center><\/td><\/tr><tr><td>Cristiano Grij\u00f3 Pitangui<\/td><td><a href=\"http:\/\/lattes.cnpq.br\/7309930413216217\" target=\"_blank\" rel=\"noopener\"><i class=\"fas fa-graduation-cap\"><\/i><\/a><\/td><td><center><a href=\"mailto:pitangui.cristiano@ufsj.edu.br\" target=\"_blank\" rel=\"noopener\"><i class=\"fas fa-envelope\"><\/i><\/a><\/center><\/td><\/tr><tr><td>Euler Guimar\u00e3es Horta<\/td><td><a href=\"http:\/\/lattes.cnpq.br\/3827473471056317\" target=\"_blank\" rel=\"noopener\"><i class=\"fas fa-graduation-cap\"><\/i><\/a><\/td><td><center><a href=\"mailto:euler.horta@ict.ufvjm.edu.br\" target=\"_blank\" rel=\"noopener\"><i class=\"fas fa-envelope\"><\/i><\/a><\/center><\/td><\/tr><tr><td>Luciana Pereira de Assis<\/td><td><a href=\"http:\/\/lattes.cnpq.br\/5653509413156744\" target=\"_blank\" rel=\"noopener\"><i class=\"fas fa-graduation-cap\"><\/i><\/a><\/td><td><center><a href=\"mailto:lpassis@ufvjm.edu.br\" target=\"_blank\" rel=\"noopener\"><i class=\"fas fa-envelope\"><\/i><\/a><\/center><\/td><\/tr><tr><td>Marcus Vinicius Carvalho Guelpeli<\/td><td><a href=\"http:\/\/lattes.cnpq.br\/4499699542929405\" target=\"_blank\" rel=\"noopener\"><i class=\"fas fa-graduation-cap\"><\/i><\/a><\/td><td><center><a href=\"mailto:marcus.guelpeli@ufvjm.edu.br\" target=\"_blank\" rel=\"noopener\"><i class=\"fas fa-envelope\"><\/i><\/a><\/center><\/td><\/tr><tr><td>Maria L\u00facia Bento Villela<\/td><td><a href=\"http:\/\/lattes.cnpq.br\/2872351795306550\" target=\"_blank\" rel=\"noopener\"><i class=\"fas fa-graduation-cap\"><\/i><\/a><\/td><td><center><a href=\"mailto:maria.villela@ufvjm.edu.br\" target=\"_blank\" rel=\"noopener\"><i class=\"fas fa-envelope\"><\/i><\/a><\/center><\/td><\/tr><\/tbody><\/table><\/figure>\n\n\n\n<h2 class=\"wp-block-heading\">Linha 4<\/h2>\n\n\n\n<figure class=\"wp-block-table is-style-stripes\"><table><tbody><tr><td>Adriana Assis Ferreira<\/td><td><a href=\"http:\/\/lattes.cnpq.br\/8323623000571390\" target=\"_blank\" rel=\"noopener\"><i class=\"fas fa-graduation-cap\"><\/i><\/a><\/td><td><center><a href=\"mailto:adriana.assis@ufvjm.edu.br\" target=\"_blank\" rel=\"noopener\"><i class=\"fas fa-envelope\"><\/i><\/a><\/center><\/td><\/tr><tr><td>Adriana Nascimento Bodolay<\/td><td><a href=\"http:\/\/lattes.cnpq.br\/0751216352497437\" target=\"_blank\" rel=\"noopener\"><i class=\"fas fa-graduation-cap\"><\/i><\/a><\/td><td><center><a href=\"mailto:adriana.bodolay@ufvjm.edu.br\" target=\"_blank\" rel=\"noopener\"><i class=\"fas fa-envelope\"><\/i><\/a><\/center><\/td><\/tr><tr><td>Alexandre Gomes Soares<\/td><td><\/td><td><\/td><\/tr><tr><td>Cl\u00e1udia Mara Niquini<\/td><td><a href=\"http:\/\/lattes.cnpq.br\/7951679377385818\" target=\"_blank\" rel=\"noopener\"><i class=\"fas fa-graduation-cap\"><\/i><\/a><\/td><td><center><a href=\"mailto:claudia.niquini@ufvjm.edu.br\" target=\"_blank\" rel=\"noopener\"><i class=\"fas fa-envelope\"><\/i><\/a><\/center><\/td><\/tr><tr><td>Denise da Silva Braga<\/td><td><a href=\"http:\/\/lattes.cnpq.br\/5094892151189000\" target=\"_blank\" rel=\"noopener\"><i class=\"fas fa-graduation-cap\"><\/i><\/a><\/td><td><center><a href=\"mailto:denise.braga@ufvjm.edu.br\" target=\"_blank\" rel=\"noopener\"><i class=\"fas fa-envelope\"><\/i><\/a><\/center><\/td><\/tr><tr><td>Raquel Schwenck de Mello Viana Soares<\/td><td><\/td><td><\/td><\/tr><tr><td>Regina C\u00e9lia do Couto<\/td><td><a href=\"http:\/\/lattes.cnpq.br\/0455467215932889\" target=\"_blank\" rel=\"noopener\"><i class=\"fas fa-graduation-cap\"><\/i><\/a><\/td><td><center><a href=\"mailto:regina.couto@ufvjm.edu.br\" target=\"_blank\" rel=\"noopener\"><i class=\"fas fa-envelope\"><\/i><\/a><\/center><\/td><\/tr><\/tbody><\/table><\/figure>\n\n\n\n<p><\/p>\n","protected":false},"excerpt":{"rendered":"<p>Linha 1 Altamir Fernandes de Oliveira Ant\u00f4nio Genilton Sant\u2019Anna Cinthya Rocha Tameir\u00e3o Daniel Calbino Pinheiro Geruza de F\u00e1tima Tom\u00e9 Sabino Jo\u00e3o Ant\u00f4nio Gomes Pereira Marcelino Serretti Leonel Linha 2 Carla da Concei\u00e7\u00e3o de Lima Helder de Moraes Pinto Lara Carlette Thiengo Leonardo Santos Neves Mara L\u00facia Ramalho Maria do Perp\u00e9tuo Socorro de Lima Costa Linha [&hellip;]<\/p>\n","protected":false},"author":1,"featured_media":0,"parent":130,"menu_order":0,"comment_status":"closed","ping_status":"open","template":"","meta":[],"_links":{"self":[{"href":"https:\/\/ppged.ufvjm.edu.br\/index.php?rest_route=\/wp\/v2\/pages\/2"}],"collection":[{"href":"https:\/\/ppged.ufvjm.edu.br\/index.php?rest_route=\/wp\/v2\/pages"}],"about":[{"href":"https:\/\/ppged.ufvjm.edu.br\/index.php?rest_route=\/wp\/v2\/types\/page"}],"author":[{"embeddable":true,"href":"https:\/\/ppged.ufvjm.edu.br\/index.php?rest_route=\/wp\/v2\/users\/1"}],"replies":[{"embeddable":true,"href":"https:\/\/ppged.ufvjm.edu.br\/index.php?rest_route=%2Fwp%2Fv2%2Fcomments&post=2"}],"version-history":[{"count":9,"href":"https:\/\/ppged.ufvjm.edu.br\/index.php?rest_route=\/wp\/v2\/pages\/2\/revisions"}],"predecessor-version":[{"id":4558,"href":"https:\/\/ppged.ufvjm.edu.br\/index.php?rest_route=\/wp\/v2\/pages\/2\/revisions\/4558"}],"up":[{"embeddable":true,"href":"https:\/\/ppged.ufvjm.edu.br\/index.php?rest_route=\/wp\/v2\/pages\/130"}],"wp:attachment":[{"href":"https:\/\/ppged.ufvjm.edu.br\/index.php?rest_route=%2Fwp%2Fv2%2Fmedia&parent=2"}],"curies":[{"name":"wp","href":"https:\/\/api.w.org\/{rel}","templated":true}]}}