{"id":130,"date":"2019-07-31T10:33:06","date_gmt":"2019-07-31T12:33:06","guid":{"rendered":"http:\/\/www4.ict.ufvjm.edu.br\/?page_id=130"},"modified":"2021-12-24T13:14:54","modified_gmt":"2021-12-24T16:14:54","slug":"acesso-a-informacao","status":"publish","type":"page","link":"https:\/\/ppged.ufvjm.edu.br\/?page_id=130","title":{"rendered":"Informa\u00e7\u00f5es"},"content":{"rendered":"\n<p><\/p>\n\n\n\n<div class=\"overflow-wrapper\">\n\n<div id=\"feature_card-1\" class=\"col-sm-12 col-md-6 col-lg-3 mb-4 widget_feature_card\">\n  <div class=\"text-center card-1\">\n    <div class=\"align\">\n      <a href=\"https:\/\/ppged.ufvjm.edu.br\/?page_id=304\" style=\"text-decoration: none;\">\n        <figure><img decoding=\"async\" width=\"160px\" src=\"\/\/www4.ict.ufvjm.edu.br\/arquivos\/images_site\/folder-open.svg\"><\/figure>\n        <h3 class=\"card-title\">Documentos e Resolu\u00e7\u00f5es<\/h3>\n        <p>Documentos e Resolu\u00e7\u00f5es do PPGEd<\/p>\n      <\/a>\n    <\/div>\n  <\/div>\n<\/div>\n\n<div id=\"feature_card-2\" class=\"col-sm-12 col-md-6 col-lg-3 mb-4 widget_feature_card\">\n  <div class=\"text-center card-1\">\n    <div class=\"align\">\n      <a href=\"https:\/\/ppged.ufvjm.edu.br\/?page_id=2\" style=\"text-decoration: none;\">\n        <figure><img decoding=\"async\" width=\"180px\" src=\"\/\/www4.ict.ufvjm.edu.br\/arquivos\/images_site\/user-friends.svg\"><\/figure>\n        <h3 class=\"card-title\">Docentes<\/h3>\n        <p>Lista de Docentes do PPGEd<\/p>\n      <\/a>\n    <\/div>\n  <\/div>\n<\/div>\n\n<div id=\"feature_card-3\" class=\"col-sm-12 col-md-6 col-lg-3 mb-4 widget_feature_card\">\n  <div class=\"text-center card-1\">\n    <div class=\"align\">\n      <a href=\"https:\/\/ppged.ufvjm.edu.br\/?page_id=4311\" style=\"text-decoration: none;\">\n        <figure><img decoding=\"async\" width=\"185px\" src=\"\/\/www4.ict.ufvjm.edu.br\/arquivos\/images_site\/chalkboard-teacher.svg\"><\/figure>\n        <h3 class=\"card-title\">Orienta\u00e7\u00f5es<\/h3>\n        <p>Orienta\u00e7\u00f5es por Docente<\/p>\n      <\/a>\n    <\/div>\n  <\/div>\n<\/div>\n\n\n<div id=\"feature_card-4\" class=\"col-sm-12 col-md-6 col-lg-3 mb-4 widget_feature_card\">\n  <div class=\"text-center card-1\">\n    <div class=\"align\">\n      <a href=\"https:\/\/ppged.ufvjm.edu.br\/?cat=15\" style=\"text-decoration: none;\" rel=\"noopener noreferrer\">\n        <figure><img decoding=\"async\" width=\"110px\" src=\"\/\/www4.ict.ufvjm.edu.br\/arquivos\/images_site\/file-invoice.svg\"><\/figure>\n        <h3 class=\"card-title\">Noticias<\/h3>\n        <p>Noticias<\/p>\n      <\/a>\n    <\/div>\n  <\/div>\n<\/div>\n\n<div id=\"feature_card-5\" class=\"col-sm-12 col-md-6 col-lg-3 mb-4 widget_feature_card\">\n  <div class=\"text-center card-1\">\n    <div class=\"align\">\n      <a href=\"https:\/\/ppged.ufvjm.edu.br\/?page_id=4289\" style=\"text-decoration: none;\" rel=\"noopener noreferrer\">\n        <figure><img decoding=\"async\" width=\"165px\" src=\"\/\/www4.ict.ufvjm.edu.br\/arquivos\/images_site\/book-open.svg\"><\/figure>\n        <h3 class=\"card-title\">Acervo<\/h3>\n        <p>Banco de disserta\u00e7\u00f5es<\/p>\n      <\/a>\n    <\/div>\n  <\/div>\n<\/div>\n\n<div id=\"feature_card-6\" class=\"col-sm-12 col-md-6 col-lg-3 mb-4 widget_feature_card\">\n  <div class=\"text-center card-1\">\n    <div class=\"align\">\n      <a href=\"\/\/ufvjm.edu.br\/sic\/\" target=\"_blank\" style=\"text-decoration: none;\" rel=\"noopener noreferrer\">\n        <figure><img decoding=\"async\" width=\"145px\" src=\"\/\/www4.ict.ufvjm.edu.br\/arquivos\/images_site\/info-circle.svg\"><\/figure>\n        <h3 class=\"card-title\">SIC<\/h3>\n        <p>Servi\u00e7os de Informa\u00e7\u00e3o ao Cidad\u00e3o<\/p>\n      <\/a>\n    <\/div>\n  <\/div>\n<\/div>\n\n<\/div>\n\n\n\n\n<p><\/p>\n","protected":false},"excerpt":{"rendered":"<p>Documentos e Resolu\u00e7\u00f5es Documentos e Resolu\u00e7\u00f5es do PPGEd Docentes Lista de Docentes do PPGEd Orienta\u00e7\u00f5es Orienta\u00e7\u00f5es por Docente Noticias Noticias Acervo Banco de disserta\u00e7\u00f5es SIC Servi\u00e7os de Informa\u00e7\u00e3o ao Cidad\u00e3o<\/p>\n","protected":false},"author":1,"featured_media":0,"parent":0,"menu_order":0,"comment_status":"closed","ping_status":"closed","template":"page-info.php","meta":[],"_links":{"self":[{"href":"https:\/\/ppged.ufvjm.edu.br\/index.php?rest_route=\/wp\/v2\/pages\/130"}],"collection":[{"href":"https:\/\/ppged.ufvjm.edu.br\/index.php?rest_route=\/wp\/v2\/pages"}],"about":[{"href":"https:\/\/ppged.ufvjm.edu.br\/index.php?rest_route=\/wp\/v2\/types\/page"}],"author":[{"embeddable":true,"href":"https:\/\/ppged.ufvjm.edu.br\/index.php?rest_route=\/wp\/v2\/users\/1"}],"replies":[{"embeddable":true,"href":"https:\/\/ppged.ufvjm.edu.br\/index.php?rest_route=%2Fwp%2Fv2%2Fcomments&post=130"}],"version-history":[{"count":0,"href":"https:\/\/ppged.ufvjm.edu.br\/index.php?rest_route=\/wp\/v2\/pages\/130\/revisions"}],"wp:attachment":[{"href":"https:\/\/ppged.ufvjm.edu.br\/index.php?rest_route=%2Fwp%2Fv2%2Fmedia&parent=130"}],"curies":[{"name":"wp","href":"https:\/\/api.w.org\/{rel}","templated":true}]}}